13
In base 16, what is 63592608 - -3?
6359260b
In base 9, what is -213021217 + 1?
-213021216
In base 10, what is 5 - 4311398?
-4311393
In base 5, what is 1110 + -2020032?
-2013422
In base 8, what is -77 - 355625?
-355724
In base 14, what is 1ad15 + b6?
1adcb
In base 4, what is 11 - -113332312?
113332323
In base 10, what is 1348185402 - -1?
1348185403
In base 6, what is -100400145 - -20?
-100400125
In base 3, what is -1 + -101222212102121?
-101222212102122
In base 5, what is 1300 - 3022113?
-3020313
In base 8, what is 24 + 103064?
103110
In base 6, what is -142242045 + -11?
-142242100
In base 13, what is -5b + -7389?
-7417
In base 16, what is b64f1 + 2?
b64f3
In base 9, what is 4 + 12122654?
12122658
In base 14, what is -79c1 + -47a?
-805b
In base 5, what is 24343 - -20442?
100340
In base 12, what is -62a885 - -331?
-62a554
In base 6, what is -5052 + 4132420?
4123324
In base 6, what is 125434040502 + 5?
125434040511
In base 6, what is -224123 - 2452?
-231015
In base 3, what is 2220 - 12100212102?
-12100202112
In base 4, what is 2030 - 232101002?
-232032312
In base 14, what is 2c - ad2d9d?
-ad2d71
In base 3, what is -1101101021202202 + 22?
-1101101021202110
In base 4, what is 21303102323 + 111?
21303103100
In base 6, what is 3012 + 14155?
21211
In base 15, what is 0 - ce83b?
-ce83b
In base 12, what is -a5b - 188640?
-18949b
In base 3, what is 2011201122110110 + 10?
2011201122110120
In base 11, what is 3 - 4796959?
-4796956
In base 12, what is 1 - -8363582?
8363583
In base 6, what is 2454 + -2330022?
-2323124
In base 6, what is 140102504 + -145?
140102315
In base 7, what is 102265 - 10162?
62103
In base 6, what is 25200244 + -1?
25200243
In base 7, what is -211 + 34551506?
34551265
In base 12, what is 5 - -328b65?
328b6a
In base 4, what is 31320130 + 2213?
31323003
In base 6, what is 5 + -21140143?
-21140134
In base 4, what is -12231311 - 230?
-12232201
In base 6, what is 151320301 - -210?
151320511
In base 15, what is 3ce8b40 + -4?
3ce8b3b
In base 4, what is -11 - 31003211311?
-31003211322
In base 12, what is -b635a1 + 24?
-b63579
In base 9, what is 52585 - 1172?
51413
In base 16, what is -1 - 33aee72?
-33aee73
In base 10, what is -91 + -46717?
-46808
In base 5, what is -40 + -13003414?
-13004004
In base 15, what is -568000 + -1c?
-56801c
In base 7, what is 14 - 5264504?
-5264460
In base 12, what is -312284 + 16?
-31226a
In base 6, what is -201 + 25554535?
25554334
In base 14, what is 6c - 871887?
-871819
In base 4, what is -3 + 113301210110212?
113301210110203
In base 4, what is -131010130 + -20112?
-131030302
In base 8, what is 1 + 16357123?
16357124
In base 4, what is -1032330022 - -122110?
-1032201312
In base 7, what is 1 - -132050601?
132050602
In base 5, what is 111123223 + -21?
111123202
In base 6, what is 24124120 - 21?
24124055
In base 11, what is -507a67 - 83?
-50803a
In base 8, what is -6 - 30276546?
-30276554
In base 4, what is -131131 + 102220?
-22311
In base 15, what is 28a7970b - 1?
28a7970a
In base 7, what is 1125 - -216464?
220622
In base 5, what is 42420404112 - 4?
42420404103
In base 10, what is 66 - -453132?
453198
In base 6, what is 124401 - -5505?
134310
In base 3, what is -11120121212 + 11000202?
-11102121010
In base 3, what is -12 - -12212202200220?
12212202200201
In base 15, what is 42 - -59cb?
5a1d
In base 2, what is 10110010001010110 + -1?
10110010001010101
In base 13, what is -8c4bb3 + -4?
-8c4bb7
In base 6, what is 21445540 - 45?
21445451
In base 14, what is 357b - 23?
3558
In base 13, what is 4 + 295972?
295976
In base 4, what is 2100022 + -1213201?
220221
In base 9, what is -407347 - -5?
-407342
In base 16, what is -2fe + -36bb?
-39b9
In base 11, what is 28a827317 - 1?
28a827316
In base 11, what is -9743520 - -10?
-9743510
In base 13, what is 1b2a + -1acc8?
-1919b
In base 4, what is 1033 - -12213123?
12220222
In base 12, what is -941 + 81b8?
7477
In base 8, what is -11 - -4620370?
4620357
In base 13, what is -62 + -1417b7?
-141849
In base 5, what is 21210424 - 101?
21210323
In base 11, what is 2895 + -4932?
-2048
In base 8, what is -154045530 - 1?
-154045531
In base 16, what is -72e5 - -1c56?
-568f
In base 4, what is 11220303201 + 123?
11220303330
In base 9, what is 30173548 + -4?
30173544
In base 2, what is 1110111011110101 + -1101011010001?
1101010000100100
In base 14, what is 40a072a + 13?
40a073d
In base 7, what is 246623 + 253?
250206
In base 10, what is 0 - 121294737?
-121294737
In base 2, what is 1010101000 + 110000011110?
111011000110
In base 16, what is -61a533 + 6?
-61a52d
In base 5, what is 11 - -1012041330?
1012041341
In base 2, what is 10100000110111011111100 - -100?
10100000110111100000000
In base 9, what is 1201566 - 481?
1201075
In base 13, what is 5 + -522994?
-52298c
In base 6, what is -20424 + -152400?
-213224
In base 5, what is 300 - -104114303?
104120103
In base 7, what is -21 + 30560453?
30560432
In base 5, what is 2 + -1322421230?
-1322421223
In base 15, what is 0 - 26cc28?
-26cc28
In base 16, what is 5 - c26caa?
-c26ca5
In base 11, what is 73 + -298a5?
-29832
In base 9, what is -682324 - -212?
-682112
In base 12, what is -19467a15 + -1?
-19467a16
In base 13, what is 4 - 893cbcb?
-893cbc7
In base 12, what is -b7475 + 9a4?
-b6691
In base 14, what is 38c55 + 5?
38c5a
In base 5, what is -1234101134402 - 2?
-1234101134404
In base 11, what is -690522 + -16?
-690538
In base 2, what is 10010 - -10010110010001010?
10010110010011100
In base 3, what is 2000 - -1120210020101?
1120210022101
In base 15, what is a8936 + -a6?
a8880
In base 4, what is 0 - -132031311012?
132031311012
In base 9, what is -82 + 15333?
15241
In base 12, what is a89582 - 54?
a8952a
In base 10, what is 822860 - 17?
822843
In base 5, what is 2 - -1002012122012?
1002012122014
In base 16, what is -4b8e - 581?
-510f
In base 12, what is 2b + 24507b2?
2450821
In base 12, what is 31 - 87a8ba?
-87a889
In base 10, what is 311248 + -7?
311241
In base 5, what is 1130144221 - -2000?
1130201221
In base 6, what is -1525232153 + 5?
-1525232144
In base 14, what is 4106 + -2416?
1ad0
In base 9, what is -81218013 + -3?
-81218016
In base 14, what is 7918 - 64cd?
1429
In base 11, what is -281029 - -521?
-280608
In base 11, what is -1 + 127a38?
127a37
In base 2, what is 1000111 - -1001011100010000?
1001011101010111
In base 2, what is -1000 + 11010111011100100?
11010111011011100
In base 12, what is 40 - -7b3582?
7b3602
In base 3, what is -2201 - -12001100221021?
12001100211120
In base 12, what is 8 - 293097a?
-2930972
In base 15, what is -2d - 200892c?
-200895a
In base 12, what is -3a629188 - 5?
-3a629191
In base 3, what is 2111112111112 + -2110?
2111112102002
In base 3, what is -1011 + -2001201011112?
-2001201012200
In base 14, what is -d197d7a - -2?
-d197d78
In base 14, what is -236133 + 8?
-236129
In base 15, what is 6a7 - -1491?
1b48
In base 7, what is -20435523 - -13?
-20435510
In base 14, what is -1 - a4422?
-a4423
In base 3, what is -100120200012 - -2212111?
-100110210201
In base 16, what is 456ab3a - -3?
456ab3d
In base 2, what is -111111011100100100100 + -10000101?
-111111011100110101001
In base 13, what is -23c12 + -9c3?
-24905
In base 7, what is 361 - -1035535?
1036226
In base 12, what is 5b58051 - 0?
5b58051
In base 3, what is 10211000212222222 - -2?
10211000220000001
In base 12, what is 144b + 8232?
9681
In base 15, what is -141 - 376e5?
-37836
In base 6, what is 4 - 13203024400?
-13203024352
In base 16, what is -6 + 8e244?
8e23e
In base 16, what is -5 + a8d327?
a8d322
In base 14, what is -39d972a - -4?
-39d9726
In base 8, what is 4 - 6450542?
-6450536
In base 7, what is -3 + -65243556?
-65243562
In base 13, what is -91075 + -42?
-910b7
In base 4, what is 10222130 + 12110?
10300300
In base 5, what is -100 + -120122134?
-120122234
In base 11, what is -739a9a6a - -4?
-739a9a66
In base 11, what is 72 - 83a?
-778
In base 13, what is -5 + 41b4a09?
41b4a04
In base 7, what is -1052 - 3034336?
-3035421
In base 9, what is 283524 + 130?
283654
In base 10, what is -47953168 - 0?
-47953168
In base 5, what is 1332340231 + -10?
1332340221
In base 11, what is 535064 + -28?
535037
In base 13, what is 5 - -7b9a1?
7b9a6
In base 16, what is 1c8 - -c78?
e40
In base 13, what is -1b355c2 - 5?
-1b355c7
In base 8, what is -5 - 32734617?
-32734624
In base 8, w